{"id":121,"date":"2025-07-07T10:11:20","date_gmt":"2025-07-07T10:11:20","guid":{"rendered":"https:\/\/fundacionanitahm.org\/home\/"},"modified":"2026-03-15T04:13:44","modified_gmt":"2026-03-15T04:13:44","slug":"home","status":"publish","type":"page","link":"https:\/\/fundacionanitahm.org\/","title":{"rendered":"Inicio"},"content":{"rendered":"\n<div class=\"wp-block-group alignfull hostinger-ai-about-us-2 hostinger-ai-fade-up has-global-padding is-layout-constrained wp-block-group-is-layout-constrained\" data-aos=\"fade-up\">\n<div class=\"wp-block-group alignwide hostinger-ai-fade-up is-layout-grid wp-container-core-group-is-layout-422a8eaf wp-block-group-is-layout-grid\" data-aos=\"fade-up\" style=\"padding-top:var(--wp--preset--spacing--60);padding-right:0;padding-bottom:var(--wp--preset--spacing--60);padding-left:0\">\n<div class=\"wp-block-group hostinger-ai-fade-up has-global-padding is-layout-constrained wp-block-group-is-layout-constrained\" data-aos=\"fade-up\">\n<figure class=\"wp-block-image size-full has-custom-border hostinger-ai-image hostinger-index-1\"><img loading=\"lazy\" decoding=\"async\" width=\"1080\" height=\"810\" src=\"https:\/\/fundacionanitahm.org\/wp-content\/uploads\/2025\/07\/1.jpg\" alt=\"\" class=\"wp-image-128\" style=\"border-radius:20px\" srcset=\"https:\/\/fundacionanitahm.org\/wp-content\/uploads\/2025\/07\/1.jpg 1080w, https:\/\/fundacionanitahm.org\/wp-content\/uploads\/2025\/07\/1-300x225.jpg 300w, https:\/\/fundacionanitahm.org\/wp-content\/uploads\/2025\/07\/1-1024x768.jpg 1024w, https:\/\/fundacionanitahm.org\/wp-content\/uploads\/2025\/07\/1-768x576.jpg 768w\" sizes=\"auto, (max-width: 1080px) 100vw, 1080px\" \/><\/figure>\n<\/div>\n\n\n\n<div class=\"wp-block-group hostinger-ai-fade-up wp-container-content-5e2576f9 is-vertical is-content-justification-left is-nowrap is-layout-flex wp-container-core-group-is-layout-cb02dbd6 wp-block-group-is-layout-flex\" data-aos=\"fade-up\" style=\"padding-right:var(--wp--preset--spacing--60);padding-left:var(--wp--preset--spacing--60)\">\n<h2 class=\"wp-block-heading hostinger-ai-title has-dark-color has-text-color has-link-color has-x-large-font-size wp-elements-98d605b93c61eb4e9bc476697be5657e\" style=\"margin-top:0;margin-right:0;margin-bottom:0;margin-left:0;padding-bottom:var(--wp--preset--spacing--20)\">Fundaci\u00f3n Anita Heredia Melendres<\/h2>\n\n\n\n<p class=\"has-dark-color has-text-color has-link-color has-medium-font-size\"><\/p>\n\n\n\n<div style=\"text-align: justify;\">La Fundaci\u00f3n Anita Heredia Mel\u00e9ndres (FAHM) es una entidad comprometida con el bienestar integral de ni\u00f1as, ni\u00f1os, j\u00f3venes y familias en situaci\u00f3n de vulnerabilidad en El Torno. <\/div>\n\n\n\n<p><\/p>\n\n\n\n<p class=\"has-dark-color has-text-color has-link-color has-medium-font-size\"><\/p>\n\n\n\n<div style=\"text-align: justify;\">Desde su fundaci\u00f3n, hemos dedicado incansables esfuerzos a brindar cuidado, protecci\u00f3n y oportunidades para el desarrollo humano. Nuestra labor se centra en la implementaci\u00f3n de programas que abordan necesidades fundamentales, desde capacitaci\u00f3n en cuidado y desarrollo infantil hasta proyectos de fortalecimiento familiar y prevenci\u00f3n de riesgos.<\/div>\n<\/div>\n\n\n\n<p><\/p>\n\n\n\n<div class=\"wp-block-group hostinger-ai-fade-up wp-container-content-5e2576f9 is-vertical is-content-justification-left is-nowrap is-layout-flex wp-container-core-group-is-layout-cb02dbd6 wp-block-group-is-layout-flex\" data-aos=\"fade-up\" style=\"padding-right:var(--wp--preset--spacing--60);padding-left:var(--wp--preset--spacing--60)\">\n<p><\/p>\n\n\n\n<div class=\"wp-block-buttons is-layout-flex wp-block-buttons-is-layout-flex\">\n<div class=\"wp-block-button hostinger-ai-cta-button hostinger-index-0\"><a class=\"wp-block-button__link has-light-color has-vivid-red-background-color has-text-color has-background has-link-color has-border-color has-large-font-size has-custom-font-size wp-element-button\" href=\"https:\/\/fundacionanitahm.org\/?page_id=185\" style=\"border-color:#0d141a;border-width:1px;border-radius:50px;padding-top:var(--wp--preset--spacing--30);padding-right:var(--wp--preset--spacing--70);padding-bottom:var(--wp--preset--spacing--30);padding-left:var(--wp--preset--spacing--70);box-shadow:none\">Donar<\/a><\/div>\n<\/div>\n<\/div>\n<\/div>\n<\/div>\n\n\n\n<div class=\"wp-block-group alignfull hostinger-ai-fade-up has-global-padding is-layout-constrained wp-block-group-is-layout-constrained\" data-aos=\"fade-up\">\n<div class=\"wp-block-group alignwide hostinger-ai-fade-up has-global-padding is-content-justification-left is-layout-constrained wp-container-core-group-is-layout-12dd3699 wp-block-group-is-layout-constrained\" data-aos=\"fade-up\">\n<h2 class=\"wp-block-heading is-style-default hostinger-ai-title has-dark-color has-text-color has-link-color has-x-large-font-size wp-elements-9147d6c2bb22f0b06a833a3185ad5d9c\" style=\"margin-bottom:var(--wp--preset--spacing--50)\">Fortaleciendo la participaci\u00f3n comunitaria<\/h2>\n\n\n\n<div class=\"wp-block-group alignwide hostinger-ai-fade-up is-layout-grid wp-container-core-group-is-layout-88c98fc8 wp-block-group-is-layout-grid\" data-aos=\"fade-up\">\n<div class=\"wp-block-group hostinger-ai-fade-up has-global-padding is-layout-constrained wp-container-core-group-is-layout-29a8626f wp-block-group-is-layout-constrained\" data-aos=\"fade-up\" style=\"padding-top:0;padding-right:var(--wp--preset--spacing--20);padding-bottom:0;padding-left:var(--wp--preset--spacing--20)\">\n<figure class=\"wp-block-image size-full has-custom-border hostinger-ai-service-image is-style-rounded\"><img loading=\"lazy\" decoding=\"async\" width=\"1600\" height=\"1200\" src=\"https:\/\/fundacionanitahm.org\/wp-content\/uploads\/2025\/07\/4.jpg\" alt=\"\" class=\"wp-image-132\" style=\"border-radius:20px\" srcset=\"https:\/\/fundacionanitahm.org\/wp-content\/uploads\/2025\/07\/4.jpg 1600w, https:\/\/fundacionanitahm.org\/wp-content\/uploads\/2025\/07\/4-300x225.jpg 300w, https:\/\/fundacionanitahm.org\/wp-content\/uploads\/2025\/07\/4-1024x768.jpg 1024w, https:\/\/fundacionanitahm.org\/wp-content\/uploads\/2025\/07\/4-768x576.jpg 768w, https:\/\/fundacionanitahm.org\/wp-content\/uploads\/2025\/07\/4-1536x1152.jpg 1536w\" sizes=\"auto, (max-width: 1600px) 100vw, 1600px\" \/><\/figure>\n\n\n\n<p class=\"hostinger-ai-service-description has-dark-color has-text-color has-link-color has-medium-font-size wp-elements-9df0d6df6d1c6aa6f31c4c2d04745511\" style=\"margin-top:var(--wp--preset--spacing--40)\">Descubra nuestra misi\u00f3n de conectar voluntarios, donantes y beneficiarios para brindar un apoyo comunitario impactante.<\/p>\n<\/div>\n\n\n\n<div class=\"wp-block-group hostinger-ai-fade-up wp-container-content-79286276 has-global-padding is-layout-constrained wp-container-core-group-is-layout-c9115f92 wp-block-group-is-layout-constrained\" data-aos=\"fade-up\" style=\"padding-right:var(--wp--preset--spacing--20);padding-left:var(--wp--preset--spacing--20)\">\n<figure class=\"wp-block-image size-full has-custom-border hostinger-ai-service-image hostinger-index-1\"><img loading=\"lazy\" decoding=\"async\" width=\"414\" height=\"414\" src=\"https:\/\/fundacionanitahm.org\/wp-content\/uploads\/2025\/07\/11.jpg\" alt=\"\" class=\"wp-image-134\" style=\"border-radius:20px\" srcset=\"https:\/\/fundacionanitahm.org\/wp-content\/uploads\/2025\/07\/11.jpg 414w, https:\/\/fundacionanitahm.org\/wp-content\/uploads\/2025\/07\/11-300x300.jpg 300w, https:\/\/fundacionanitahm.org\/wp-content\/uploads\/2025\/07\/11-150x150.jpg 150w\" sizes=\"auto, (max-width: 414px) 100vw, 414px\" \/><\/figure>\n\n\n\n<p class=\"hostinger-ai-service-description hostinger-index-1 has-dark-color has-text-color has-link-color has-medium-font-size wp-elements-3c9dd30c9c02c60ce8a32a4b5f48be71\" style=\"margin-top:var(--wp--preset--spacing--40)\">Explore nuestras iniciativas que impulsan cambios positivos y ayudan a los necesitados en todas las comunidades.<\/p>\n<\/div>\n\n\n\n<div class=\"wp-block-group hostinger-ai-fade-up has-global-padding is-layout-constrained wp-container-core-group-is-layout-c9115f92 wp-block-group-is-layout-constrained\" data-aos=\"fade-up\" style=\"padding-right:var(--wp--preset--spacing--20);padding-left:var(--wp--preset--spacing--20)\">\n<figure class=\"wp-block-image size-full is-resized has-custom-border hostinger-ai-service-image hostinger-index-2\"><img loading=\"lazy\" decoding=\"async\" width=\"531\" height=\"772\" src=\"https:\/\/fundacionanitahm.org\/wp-content\/uploads\/2025\/07\/2-1.avif\" alt=\"\" class=\"wp-image-138\" style=\"border-radius:20px;width:285px;height:auto\" srcset=\"https:\/\/fundacionanitahm.org\/wp-content\/uploads\/2025\/07\/2-1.avif 531w, https:\/\/fundacionanitahm.org\/wp-content\/uploads\/2025\/07\/2-1-206x300.avif 206w\" sizes=\"auto, (max-width: 531px) 100vw, 531px\" \/><\/figure>\n\n\n\n<p class=\"hostinger-ai-service-description hostinger-index-2 has-dark-color has-text-color has-link-color has-medium-font-size wp-elements-10cf45230b2e77ffc8d2e4c475160e21\" style=\"margin-top:var(--wp--preset--spacing--40)\">\u00danase a nosotros para marcar la diferencia a trav\u00e9s de la colaboraci\u00f3n y el compromiso compartido con nuestra causa.<\/p>\n<\/div>\n<\/div>\n<\/div>\n<\/div>\n\n\n\n<div class=\"wp-block-group alignfull hostinger-ai-solid-block hostinger-ai-fade-up has-color-1-background-color has-background has-global-padding is-layout-constrained wp-block-group-is-layout-constrained\" data-aos=\"fade-up\" style=\"padding-top:var(--wp--preset--spacing--60);padding-bottom:var(--wp--preset--spacing--60)\">\n<div class=\"wp-block-group alignwide hostinger-ai-fade-up is-vertical is-content-justification-center is-nowrap is-layout-flex wp-container-core-group-is-layout-4cc6ee0a wp-block-group-is-layout-flex\" data-aos=\"fade-up\" style=\"min-height:0px;padding-top:0;padding-bottom:0\">\n<div class=\"wp-block-group hostinger-ai-fade-up wp-container-content-69bc4bdf has-global-padding is-content-justification-center is-layout-constrained wp-container-core-group-is-layout-78267832 wp-block-group-is-layout-constrained\" data-aos=\"fade-up\">\n<h2 class=\"wp-block-heading has-text-align-center hostinger-ai-title has-dark-color has-text-color has-link-color wp-elements-b8a0800943f95a151963c97f61846317\" style=\"margin-top:0;margin-right:0;margin-bottom:0;margin-left:0;font-size:clamp(29.303px, 1.831rem + ((1vw - 3.2px) * 2.782), 51px);\">Haz posible el cambio hoy<\/h2>\n\n\n\n<p class=\"has-text-align-center hostinger-ai-description has-dark-color has-text-color has-link-color wp-elements-7d169d9662707c3b5e6faf4362aba715\" style=\"margin-top:var(--wp--preset--spacing--20);margin-bottom:var(--wp--preset--spacing--50);font-size:clamp(14px, 0.875rem + ((1vw - 3.2px) * 0.513), 18px);\">\u00danete a nosotros para apoyar a la Fundaci\u00f3n Anita Heredia Melendres. Descubre nuestra misi\u00f3n, con\u00e9ctate con nosotros y marca la diferencia ahora.<\/p>\n\n\n\n<div class=\"wp-block-buttons is-content-justification-center is-layout-flex wp-container-core-buttons-is-layout-a89b3969 wp-block-buttons-is-layout-flex\">\n<div class=\"wp-block-button hostinger-ai-cta-button\"><a class=\"wp-block-button__link has-light-color has-vivid-red-background-color has-text-color has-background has-link-color has-border-color has-large-font-size has-custom-font-size wp-element-button\" href=\"https:\/\/fundacionanitahm.org\/?page_id=185\" style=\"border-color:#0d141a;border-width:1px;border-radius:50px;padding-top:var(--wp--preset--spacing--30);padding-right:var(--wp--preset--spacing--70);padding-bottom:var(--wp--preset--spacing--30);padding-left:var(--wp--preset--spacing--70);box-shadow:none\">Donar<\/a><\/div>\n<\/div>\n<\/div>\n<\/div>\n<\/div>\n\n\n\n<p><\/p>\n","protected":false},"excerpt":{"rendered":"<p>Fundaci\u00f3n Anita Heredia Melendres La Fundaci\u00f3n Anita Heredia Mel\u00e9ndres (FAHM) es una entidad comprometida con el bienestar integral de ni\u00f1as, ni\u00f1os, j\u00f3venes y familias en situaci\u00f3n de vulnerabilidad en El Torno. Desde su fundaci\u00f3n, hemos dedicado incansables esfuerzos a brindar cuidado, protecci\u00f3n y oportunidades para el desarrollo humano. Nuestra labor se centra en la implementaci\u00f3n [&hellip;]<\/p>\n","protected":false},"author":1,"featured_media":0,"parent":0,"menu_order":0,"comment_status":"closed","ping_status":"closed","template":"","meta":{"footnotes":""},"class_list":["post-121","page","type-page","status-publish","hentry"],"_links":{"self":[{"href":"https:\/\/fundacionanitahm.org\/index.php?rest_route=\/wp\/v2\/pages\/121","targetHints":{"allow":["GET"]}}],"collection":[{"href":"https:\/\/fundacionanitahm.org\/index.php?rest_route=\/wp\/v2\/pages"}],"about":[{"href":"https:\/\/fundacionanitahm.org\/index.php?rest_route=\/wp\/v2\/types\/page"}],"author":[{"embeddable":true,"href":"https:\/\/fundacionanitahm.org\/index.php?rest_route=\/wp\/v2\/users\/1"}],"replies":[{"embeddable":true,"href":"https:\/\/fundacionanitahm.org\/index.php?rest_route=%2Fwp%2Fv2%2Fcomments&post=121"}],"version-history":[{"count":22,"href":"https:\/\/fundacionanitahm.org\/index.php?rest_route=\/wp\/v2\/pages\/121\/revisions"}],"predecessor-version":[{"id":427,"href":"https:\/\/fundacionanitahm.org\/index.php?rest_route=\/wp\/v2\/pages\/121\/revisions\/427"}],"wp:attachment":[{"href":"https:\/\/fundacionanitahm.org\/index.php?rest_route=%2Fwp%2Fv2%2Fmedia&parent=121"}],"curies":[{"name":"wp","href":"https:\/\/api.w.org\/{rel}","templated":true}]}}

<div class="wp-block-group alignfull hostinger-ai-about-us-2 hostinger-ai-fade-up has-global-padding is-layout-constrained wp-block-group-is-layout-constrained" data-aos="fade-up">
<div class="wp-block-group alignwide hostinger-ai-fade-up is-layout-grid wp-container-core-group-is-layout-422a8eaf wp-block-group-is-layout-grid" data-aos="fade-up" style="padding-top:var(--wp--preset--spacing--60);padding-right:0;padding-bottom:var(--wp--preset--spacing--60);padding-left:0">
<div class="wp-block-group hostinger-ai-fade-up has-global-padding is-layout-constrained wp-block-group-is-layout-constrained" data-aos="fade-up">
<figure class="wp-block-image size-full has-custom-border hostinger-ai-image hostinger-index-1"><img loading="lazy" decoding="async" width="1080" height="810" src="https://fundacionanitahm.org/wp-content/uploads/2025/07/1.jpg" alt="" class="wp-image-128" style="border-radius:20px" srcset="https://fundacionanitahm.org/wp-content/uploads/2025/07/1.jpg 1080w, https://fundacionanitahm.org/wp-content/uploads/2025/07/1-300x225.jpg 300w, https://fundacionanitahm.org/wp-content/uploads/2025/07/1-1024x768.jpg 1024w, https://fundacionanitahm.org/wp-content/uploads/2025/07/1-768x576.jpg 768w" sizes="auto, (max-width: 1080px) 100vw, 1080px" /></figure>
</div>



<div class="wp-block-group hostinger-ai-fade-up wp-container-content-5e2576f9 is-vertical is-content-justification-left is-nowrap is-layout-flex wp-container-core-group-is-layout-cb02dbd6 wp-block-group-is-layout-flex" data-aos="fade-up" style="padding-right:var(--wp--preset--spacing--60);padding-left:var(--wp--preset--spacing--60)">
<h2 class="wp-block-heading hostinger-ai-title has-dark-color has-text-color has-link-color has-x-large-font-size wp-elements-98d605b93c61eb4e9bc476697be5657e" style="margin-top:0;margin-right:0;margin-bottom:0;margin-left:0;padding-bottom:var(--wp--preset--spacing--20)">Fundación Anita Heredia Melendres</h2>



<p class="has-dark-color has-text-color has-link-color has-medium-font-size"></p>



<div style="text-align: justify;">La Fundación Anita Heredia Meléndres (FAHM) es una entidad comprometida con el bienestar integral de niñas, niños, jóvenes y familias en situación de vulnerabilidad en El Torno. </div>



<p></p>



<p class="has-dark-color has-text-color has-link-color has-medium-font-size"></p>



<div style="text-align: justify;">Desde su fundación, hemos dedicado incansables esfuerzos a brindar cuidado, protección y oportunidades para el desarrollo humano. Nuestra labor se centra en la implementación de programas que abordan necesidades fundamentales, desde capacitación en cuidado y desarrollo infantil hasta proyectos de fortalecimiento familiar y prevención de riesgos.</div>
</div>



<p></p>



<div class="wp-block-group hostinger-ai-fade-up wp-container-content-5e2576f9 is-vertical is-content-justification-left is-nowrap is-layout-flex wp-container-core-group-is-layout-cb02dbd6 wp-block-group-is-layout-flex" data-aos="fade-up" style="padding-right:var(--wp--preset--spacing--60);padding-left:var(--wp--preset--spacing--60)">
<p></p>



<div class="wp-block-buttons is-layout-flex wp-block-buttons-is-layout-flex">
<div class="wp-block-button hostinger-ai-cta-button hostinger-index-0"><a class="wp-block-button__link has-light-color has-vivid-red-background-color has-text-color has-background has-link-color has-border-color has-large-font-size has-custom-font-size wp-element-button" href="https://fundacionanitahm.org/?page_id=185" style="border-color:#0d141a;border-width:1px;border-radius:50px;padding-top:var(--wp--preset--spacing--30);padding-right:var(--wp--preset--spacing--70);padding-bottom:var(--wp--preset--spacing--30);padding-left:var(--wp--preset--spacing--70);box-shadow:none">Donar</a></div>
</div>
</div>
</div>
</div>



<div class="wp-block-group alignfull hostinger-ai-fade-up has-global-padding is-layout-constrained wp-block-group-is-layout-constrained" data-aos="fade-up">
<div class="wp-block-group alignwide hostinger-ai-fade-up has-global-padding is-content-justification-left is-layout-constrained wp-container-core-group-is-layout-12dd3699 wp-block-group-is-layout-constrained" data-aos="fade-up">
<h2 class="wp-block-heading is-style-default hostinger-ai-title has-dark-color has-text-color has-link-color has-x-large-font-size wp-elements-9147d6c2bb22f0b06a833a3185ad5d9c" style="margin-bottom:var(--wp--preset--spacing--50)">Fortaleciendo la participación comunitaria</h2>



<div class="wp-block-group alignwide hostinger-ai-fade-up is-layout-grid wp-container-core-group-is-layout-88c98fc8 wp-block-group-is-layout-grid" data-aos="fade-up">
<div class="wp-block-group hostinger-ai-fade-up has-global-padding is-layout-constrained wp-container-core-group-is-layout-29a8626f wp-block-group-is-layout-constrained" data-aos="fade-up" style="padding-top:0;padding-right:var(--wp--preset--spacing--20);padding-bottom:0;padding-left:var(--wp--preset--spacing--20)">
<figure class="wp-block-image size-full has-custom-border hostinger-ai-service-image is-style-rounded"><img loading="lazy" decoding="async" width="1600" height="1200" src="https://fundacionanitahm.org/wp-content/uploads/2025/07/4.jpg" alt="" class="wp-image-132" style="border-radius:20px" srcset="https://fundacionanitahm.org/wp-content/uploads/2025/07/4.jpg 1600w, https://fundacionanitahm.org/wp-content/uploads/2025/07/4-300x225.jpg 300w, https://fundacionanitahm.org/wp-content/uploads/2025/07/4-1024x768.jpg 1024w, https://fundacionanitahm.org/wp-content/uploads/2025/07/4-768x576.jpg 768w, https://fundacionanitahm.org/wp-content/uploads/2025/07/4-1536x1152.jpg 1536w" sizes="auto, (max-width: 1600px) 100vw, 1600px" /></figure>



<p class="hostinger-ai-service-description has-dark-color has-text-color has-link-color has-medium-font-size wp-elements-9df0d6df6d1c6aa6f31c4c2d04745511" style="margin-top:var(--wp--preset--spacing--40)">Descubra nuestra misión de conectar voluntarios, donantes y beneficiarios para brindar un apoyo comunitario impactante.</p>
</div>



<div class="wp-block-group hostinger-ai-fade-up wp-container-content-79286276 has-global-padding is-layout-constrained wp-container-core-group-is-layout-c9115f92 wp-block-group-is-layout-constrained" data-aos="fade-up" style="padding-right:var(--wp--preset--spacing--20);padding-left:var(--wp--preset--spacing--20)">
<figure class="wp-block-image size-full has-custom-border hostinger-ai-service-image hostinger-index-1"><img loading="lazy" decoding="async" width="414" height="414" src="https://fundacionanitahm.org/wp-content/uploads/2025/07/11.jpg" alt="" class="wp-image-134" style="border-radius:20px" srcset="https://fundacionanitahm.org/wp-content/uploads/2025/07/11.jpg 414w, https://fundacionanitahm.org/wp-content/uploads/2025/07/11-300x300.jpg 300w, https://fundacionanitahm.org/wp-content/uploads/2025/07/11-150x150.jpg 150w" sizes="auto, (max-width: 414px) 100vw, 414px" /></figure>



<p class="hostinger-ai-service-description hostinger-index-1 has-dark-color has-text-color has-link-color has-medium-font-size wp-elements-3c9dd30c9c02c60ce8a32a4b5f48be71" style="margin-top:var(--wp--preset--spacing--40)">Explore nuestras iniciativas que impulsan cambios positivos y ayudan a los necesitados en todas las comunidades.</p>
</div>



<div class="wp-block-group hostinger-ai-fade-up has-global-padding is-layout-constrained wp-container-core-group-is-layout-c9115f92 wp-block-group-is-layout-constrained" data-aos="fade-up" style="padding-right:var(--wp--preset--spacing--20);padding-left:var(--wp--preset--spacing--20)">
<figure class="wp-block-image size-full is-resized has-custom-border hostinger-ai-service-image hostinger-index-2"><img loading="lazy" decoding="async" width="531" height="772" src="https://fundacionanitahm.org/wp-content/uploads/2025/07/2-1.avif" alt="" class="wp-image-138" style="border-radius:20px;width:285px;height:auto" srcset="https://fundacionanitahm.org/wp-content/uploads/2025/07/2-1.avif 531w, https://fundacionanitahm.org/wp-content/uploads/2025/07/2-1-206x300.avif 206w" sizes="auto, (max-width: 531px) 100vw, 531px" /></figure>



<p class="hostinger-ai-service-description hostinger-index-2 has-dark-color has-text-color has-link-color has-medium-font-size wp-elements-10cf45230b2e77ffc8d2e4c475160e21" style="margin-top:var(--wp--preset--spacing--40)">Únase a nosotros para marcar la diferencia a través de la colaboración y el compromiso compartido con nuestra causa.</p>
</div>
</div>
</div>
</div>



<div class="wp-block-group alignfull hostinger-ai-solid-block hostinger-ai-fade-up has-color-1-background-color has-background has-global-padding is-layout-constrained wp-block-group-is-layout-constrained" data-aos="fade-up" style="padding-top:var(--wp--preset--spacing--60);padding-bottom:var(--wp--preset--spacing--60)">
<div class="wp-block-group alignwide hostinger-ai-fade-up is-vertical is-content-justification-center is-nowrap is-layout-flex wp-container-core-group-is-layout-4cc6ee0a wp-block-group-is-layout-flex" data-aos="fade-up" style="min-height:0px;padding-top:0;padding-bottom:0">
<div class="wp-block-group hostinger-ai-fade-up wp-container-content-69bc4bdf has-global-padding is-content-justification-center is-layout-constrained wp-container-core-group-is-layout-78267832 wp-block-group-is-layout-constrained" data-aos="fade-up">
<h2 class="wp-block-heading has-text-align-center hostinger-ai-title has-dark-color has-text-color has-link-color wp-elements-b8a0800943f95a151963c97f61846317" style="margin-top:0;margin-right:0;margin-bottom:0;margin-left:0;font-size:clamp(29.303px, 1.831rem + ((1vw - 3.2px) * 2.782), 51px);">Haz posible el cambio hoy</h2>



<p class="has-text-align-center hostinger-ai-description has-dark-color has-text-color has-link-color wp-elements-7d169d9662707c3b5e6faf4362aba715" style="margin-top:var(--wp--preset--spacing--20);margin-bottom:var(--wp--preset--spacing--50);font-size:clamp(14px, 0.875rem + ((1vw - 3.2px) * 0.513), 18px);">Únete a nosotros para apoyar a la Fundación Anita Heredia Melendres. Descubre nuestra misión, conéctate con nosotros y marca la diferencia ahora.</p>



<div class="wp-block-buttons is-content-justification-center is-layout-flex wp-container-core-buttons-is-layout-a89b3969 wp-block-buttons-is-layout-flex">
<div class="wp-block-button hostinger-ai-cta-button"><a class="wp-block-button__link has-light-color has-vivid-red-background-color has-text-color has-background has-link-color has-border-color has-large-font-size has-custom-font-size wp-element-button" href="https://fundacionanitahm.org/?page_id=185" style="border-color:#0d141a;border-width:1px;border-radius:50px;padding-top:var(--wp--preset--spacing--30);padding-right:var(--wp--preset--spacing--70);padding-bottom:var(--wp--preset--spacing--30);padding-left:var(--wp--preset--spacing--70);box-shadow:none">Donar</a></div>
</div>
</div>
</div>
</div>



<p></p>

<p>Fundación Anita Heredia Melendres La Fundación Anita Heredia Meléndres (FAHM) es una entidad comprometida con el bienestar integral de niñas, niños, jóvenes y familias en situación de vulnerabilidad en El Torno. Desde su fundación, hemos dedicado incansables esfuerzos a brindar cuidado, protección y oportunidades para el desarrollo humano. Nuestra labor se centra en la implementación [&hellip;]</p>
